{"id":22,"date":"2023-08-03T12:02:36","date_gmt":"2023-08-03T12:02:36","guid":{"rendered":"http:\/\/pendientesdeti.es\/?page_id=22"},"modified":"2023-08-03T12:02:36","modified_gmt":"2023-08-03T12:02:36","slug":"about","status":"publish","type":"page","link":"https:\/\/pendientesdeti.es\/?page_id=22","title":{"rendered":"About"},"content":{"rendered":"\n<section class=\"hts-section hts-page hts-about\">\n    <div class=\"hts-about-header\">\n        <div class=\"hts-about-header-content\">\n            <div class=\"hts-about-body\">\n                <div>\n                    <h1>Sobre Nosotros<\/h1>\n                    <p>Descubre tu estilo con Pendientes de Ti<\/p>\n                <\/div>\n            <\/div>\n            <div class=\"hts-about-image\">\n                <div class=\"hts-image-wrapper\">\n                    <img decoding=\"async\" src=\"https:\/\/images.unsplash.com\/photo-1643185450492-6ba77dea00f6?crop=entropy\" title=\"Photo by Peter Kalonji\" alt=\"a woman holding a compact compact compact compact compact compact compact compact compact compact compact compact\">                    <span class=\"hts-unsplash-data\">Photo by <a href=\"https:\/\/unsplash.com\/@peter_kp007?utm_source=hostinger&#038;utm_medium=referral\" rel=\"nofollow\">Peter Kalonji<\/a> on <a href=\"https:\/\/unsplash.com\/?utm_source=hostinger&#038;utm_medium=referral\" rel=\"nofollow\">Unsplash<\/a><\/span>                <\/div>\n            <\/div>\n        <\/div>\n    <\/div>\n    <hr class=\"full\">\n    <div class=\"hts-details\">\n                <div class=\"hts-about-story\">\n            <h2 class=\"hts-title\">MY STORY<\/h2>\n            <div class=\"hts-description\">\n                En Pendientes de Ti nos apasiona la belleza y la moda. Te ofrecemos una amplia selecci\u00f3n de bisuter\u00eda y complementos para que puedas lucir lo mejor de ti. Nuestro objetivo es ayudarte a encontrar lo que m\u00e1s te favorece y lo que est\u00e1 en tendencia. Explora nuestra tienda online y descubre tu estilo \u00fanico con Pendientes de Ti.            <\/div>\n        <\/div>\n        \n        <div class=\"hts-gallery\">\n            <div class=\"hts-image-wrapper hts-bottom\">\n                <img decoding=\"async\" src=\"https:\/\/images.unsplash.com\/photo-1643185539104-3622eb1f0ff6?crop=entropy\" title=\"Photo by Peter Kalonji\" alt=\"a close up of a person holding a toothbrush\"><span class=\"hts-unsplash-data\">Photo by <a href=\"https:\/\/unsplash.com\/@peter_kp007?utm_source=hostinger&#038;utm_medium=referral\" rel=\"nofollow\">Peter Kalonji<\/a> on <a href=\"https:\/\/unsplash.com\/?utm_source=hostinger&#038;utm_medium=referral\" rel=\"nofollow\">Unsplash<\/a><\/span>            <\/div>\n            <div class=\"hts-image-wrapper hts-bottom\">\n                <img decoding=\"async\" src=\"https:\/\/images.unsplash.com\/photo-1501644898242-cfea317d7faf?crop=entropy\" title=\"Photo by Drew Dizzy Graham\" alt=\"woman peeking over green leaf plant taken at daytime\"><span class=\"hts-unsplash-data\">Photo by <a href=\"https:\/\/unsplash.com\/@dizzyd718?utm_source=hostinger&#038;utm_medium=referral\" rel=\"nofollow\">Drew Dizzy Graham<\/a> on <a href=\"https:\/\/unsplash.com\/?utm_source=hostinger&#038;utm_medium=referral\" rel=\"nofollow\">Unsplash<\/a><\/span>            <\/div>\n        <\/div>\n    <\/div>\n<\/section><section class=\"hts-section hts-newsletter\">\n\t<hr class=\"full\">\n\t<div class=\"wrapper\">\n\t<div>\n\t\t<h3 class=\"hts-title\">Newsletter<\/h3>\n\t\t<p>Subscribe to stay up-to-date with my latest creative projects, insights, and tips.<\/p>\n\t<\/div>\n\t<div class=\"hts-newsletter-block\">\n\t\t<form>\n\t\t\t<input type=\"hidden\" id=\"newsletter_nonce\" name=\"newsletter_nonce\" value=\"ae1a7de735\" \/><input type=\"hidden\" name=\"_wp_http_referer\" value=\"\/index.php?rest_route=%2Fwp%2Fv2%2Fpages%2F22\" \/>\t\t\t<label for=\"hts-newsletter-email\">Email<\/label>\n\t\t\t<input type=\"email\"\n\t\t\t       id=\"hts-newsletter-email\"\n\t\t\t       name=\"newsletter_email\"\n\t\t\t       placeholder=\"What\u2019s your email?\">\n\t\t\t<div class=\"validate-message\"><\/div>\n\t\t\t<div class=\"hts-privacy-agree\">\n\t\t\t\t<label class=\"hts-form-control\">\n\t\t\t\t<input type=\"checkbox\" id=\"privacy-policy-checkbox\" name=\"privacy_policy\" required>\n\t\t\t\t<\/label>\n\t\t\t\t<span>\n\t\t\t\t\tI consent to use of my email address for the purpose of receiving newsletters as described in <a href=\"\" target=\"_blank\">Privacy Policy<\/a>, which I have read. I may withdraw my consent at any time.\t\t\t\t<\/span>\n\t\t\t<\/div>\n\t\t\t<input type=\"submit\" class=\"btn primary\" value=\"Subscribe\"\/>\n\t\t<\/form>\n\t<\/div>\n\t<\/div>\n<\/section>","protected":false},"excerpt":{"rendered":"","protected":false},"author":1,"featured_media":0,"parent":0,"menu_order":0,"comment_status":"closed","ping_status":"closed","template":"","meta":{"om_disable_all_campaigns":false,"_monsterinsights_skip_tracking":false,"_monsterinsights_sitenote_active":false,"_monsterinsights_sitenote_note":"","_monsterinsights_sitenote_category":0},"aioseo_notices":[],"_links":{"self":[{"href":"https:\/\/pendientesdeti.es\/index.php?rest_route=\/wp\/v2\/pages\/22"}],"collection":[{"href":"https:\/\/pendientesdeti.es\/index.php?rest_route=\/wp\/v2\/pages"}],"about":[{"href":"https:\/\/pendientesdeti.es\/index.php?rest_route=\/wp\/v2\/types\/page"}],"author":[{"embeddable":true,"href":"https:\/\/pendientesdeti.es\/index.php?rest_route=\/wp\/v2\/users\/1"}],"replies":[{"embeddable":true,"href":"https:\/\/pendientesdeti.es\/index.php?rest_route=%2Fwp%2Fv2%2Fcomments&post=22"}],"version-history":[{"count":0,"href":"https:\/\/pendientesdeti.es\/index.php?rest_route=\/wp\/v2\/pages\/22\/revisions"}],"wp:attachment":[{"href":"https:\/\/pendientesdeti.es\/index.php?rest_route=%2Fwp%2Fv2%2Fmedia&parent=22"}],"curies":[{"name":"wp","href":"https:\/\/api.w.org\/{rel}","templated":true}]}}